{"id":11556,"date":"2025-10-28T13:53:04","date_gmt":"2025-10-28T12:53:04","guid":{"rendered":"https:\/\/stiftung-tinnitus-und-hoeren-charite.org\/?page_id=11556"},"modified":"2025-11-25T14:00:45","modified_gmt":"2025-11-25T13:00:45","slug":"news-54-20th-tinnitus-research-initiative-conference-2026","status":"publish","type":"page","link":"https:\/\/stiftung-tinnitus-und-hoeren-charite.org\/en\/news-54-20th-tinnitus-research-initiative-conference-2026\/","title":{"rendered":"News \u2013 54\/ 20th Tinnitus Research Initiative Conference 2026"},"content":{"rendered":"<section class=\"wpb-content-wrapper\"><p>[vc_row full_width=&#8221;stretch_row&#8221; full_height=&#8221;yes&#8221; columns_placement=&#8221;top&#8221; css=&#8221;.vc_custom_1677499021789{padding-top: 100px !important;padding-bottom: 100px !important;background-color: #ecf0f3 !important;}&#8221;][vc_column][vc_column_text]<div class=\"aioseo-breadcrumbs\"><span class=\"aioseo-breadcrumb\">\n\tHome\n<\/span><\/div>[\/vc_column_text][\/vc_column][vc_column][\/vc_column][vc_column width=&#8221;1\/4&#8243;][vc_single_image image=&#8221;11534&#8243; img_size=&#8221;250&#8243; onclick=&#8221;link_image&#8221;][\/vc_column][vc_column width=&#8221;3\/4&#8243;][vc_column_text]Berlin, 28 October 2025<\/p>\n<h3>20th Tinnitus Research Initiative (TRI) Conference 2026<\/h3>\n<div class=\"ewa-rteLine\">\n<div class=\"ewa-rteLine\">\n<div class=\"ewa-rteLine\">\n<div class=\"ewa-rteLine\">\n<p data-start=\"66\" data-end=\"446\"><span data-olk-copy-source=\"MessageBody\">We proudly announce the <\/span>20th Tinnitus Research Initiative (TRI) Conference 2026.The Tinnitus Zentrum Charit\u00e9 &#8211; Universit\u00e4tsmedizin Berlin and the German Foundation Tinnitus &amp; Hearing Charit\u00e9 are jointly organising this international conference, which will take place in Berlin from 16 &#8211;\u00a018 September 2026.\u00a0Hundreds of world-leading tinnitus experts will gather at Campus Charit\u00e9 Mitte in Berlin to share the latest in research, diagnosis and treatment of tinnitus. The interdisciplinary exchange of knowledge between ENT, neurology, audiology and psychology will help to better understand how tinnitus originates in order to alleviate the symptoms and, in the future find a cure for it. The preliminary website has been launched &#8211; we are working hard at filling in more details about\u00a0the programme: <a title=\"https:\/\/www.tinnitus-research-initiative-2026.com\/\" href=\"https:\/\/www.tinnitus-research-initiative-2026.com\/\" target=\"_blank\" rel=\"noopener noreferrer\" data-outlook-id=\"6b846fae-9b9f-49b8-9535-69f33aee3fc4\" data-auth=\"NotApplicable\" data-linkindex=\"14\">https:\/\/www.tinnitus-research-initiative-2026.com\/<\/a><\/p>\n<\/div>\n<\/div>\n<\/div>\n<\/div>\n<p>[\/vc_column_text][\/vc_column][\/vc_row]<\/p>\n<\/section>","protected":false},"excerpt":{"rendered":"<p>[vc_row full_width=&#8221;stretch_row&#8221; full_height=&#8221;yes&#8221; columns_placement=&#8221;top&#8221; css=&#8221;.vc_custom_1677499021789{padding-top: 100px !important;padding-bottom: 100px !important;background-color: #ecf0f3 !important;}&#8221;][vc_column][vc_column_text][\/vc_column_text][\/vc_column][vc_column][\/vc_column][vc_column width=&#8221;1\/4&#8243;][vc_single_image image=&#8221;11534&#8243; img_size=&#8221;250&#8243; onclick=&#8221;link_image&#8221;][\/vc_column][vc_column width=&#8221;3\/4&#8243;][vc_column_text]Berlin, 28 October 2025 20th Tinnitus Research Initiative [&hellip;]<\/p>\n","protected":false},"author":3,"featured_media":0,"parent":0,"menu_order":131,"comment_status":"closed","ping_status":"closed","template":"","meta":{"footnotes":""},"class_list":["post-11556","page","type-page","status-publish","hentry"],"aioseo_notices":[],"_links":{"self":[{"href":"https:\/\/stiftung-tinnitus-und-hoeren-charite.org\/en\/wp-json\/wp\/v2\/pages\/11556","targetHints":{"allow":["GET"]}}],"collection":[{"href":"https:\/\/stiftung-tinnitus-und-hoeren-charite.org\/en\/wp-json\/wp\/v2\/pages"}],"about":[{"href":"https:\/\/stiftung-tinnitus-und-hoeren-charite.org\/en\/wp-json\/wp\/v2\/types\/page"}],"author":[{"embeddable":true,"href":"https:\/\/stiftung-tinnitus-und-hoeren-charite.org\/en\/wp-json\/wp\/v2\/users\/3"}],"replies":[{"embeddable":true,"href":"https:\/\/stiftung-tinnitus-und-hoeren-charite.org\/en\/wp-json\/wp\/v2\/comments?post=11556"}],"version-history":[{"count":2,"href":"https:\/\/stiftung-tinnitus-und-hoeren-charite.org\/en\/wp-json\/wp\/v2\/pages\/11556\/revisions"}],"predecessor-version":[{"id":11566,"href":"https:\/\/stiftung-tinnitus-und-hoeren-charite.org\/en\/wp-json\/wp\/v2\/pages\/11556\/revisions\/11566"}],"wp:attachment":[{"href":"https:\/\/stiftung-tinnitus-und-hoeren-charite.org\/en\/wp-json\/wp\/v2\/media?parent=11556"}],"curies":[{"name":"wp","href":"https:\/\/api.w.org\/{rel}","templated":true}]}}

<section class="wpb-content-wrapper"><p>[vc_row full_width=&#8221;stretch_row&#8221; full_height=&#8221;yes&#8221; columns_placement=&#8221;top&#8221; css=&#8221;.vc_custom_1677499021789{padding-top: 100px !important;padding-bottom: 100px !important;background-color: #ecf0f3 !important;}&#8221;][vc_column][vc_column_text]<div class="aioseo-breadcrumbs"><span class="aioseo-breadcrumb">
	Home
</span></div>[/vc_column_text][/vc_column][vc_column][/vc_column][vc_column width=&#8221;1/4&#8243;][vc_single_image image=&#8221;11534&#8243; img_size=&#8221;250&#8243; onclick=&#8221;link_image&#8221;][/vc_column][vc_column width=&#8221;3/4&#8243;][vc_column_text]Berlin, 28 October 2025</p>
<h3>20th Tinnitus Research Initiative (TRI) Conference 2026</h3>
<div class="ewa-rteLine">
<div class="ewa-rteLine">
<div class="ewa-rteLine">
<div class="ewa-rteLine">
<p data-start="66" data-end="446"><span data-olk-copy-source="MessageBody">We proudly announce the </span>20th Tinnitus Research Initiative (TRI) Conference 2026.The Tinnitus Zentrum Charité &#8211; Universitätsmedizin Berlin and the German Foundation Tinnitus &amp; Hearing Charité are jointly organising this international conference, which will take place in Berlin from 16 &#8211; 18 September 2026. Hundreds of world-leading tinnitus experts will gather at Campus Charité Mitte in Berlin to share the latest in research, diagnosis and treatment of tinnitus. The interdisciplinary exchange of knowledge between ENT, neurology, audiology and psychology will help to better understand how tinnitus originates in order to alleviate the symptoms and, in the future find a cure for it. The preliminary website has been launched &#8211; we are working hard at filling in more details about the programme: <a title="https://www.tinnitus-research-initiative-2026.com/" href="https://www.tinnitus-research-initiative-2026.com/" target="_blank" rel="noopener noreferrer" data-outlook-id="6b846fae-9b9f-49b8-9535-69f33aee3fc4" data-auth="NotApplicable" data-linkindex="14">https://www.tinnitus-research-initiative-2026.com/</a></p>
</div>
</div>
</div>
</div>
<p>[/vc_column_text][/vc_column][/vc_row]</p>
</section>
